{"id":34,"date":"2020-03-01T18:26:53","date_gmt":"2020-03-01T18:26:53","guid":{"rendered":"https:\/\/facqui.unitru.edu.pe\/programa-ambiental\/?page_id=34"},"modified":"2024-09-25T13:56:03","modified_gmt":"2024-09-25T18:56:03","slug":"perfil-del-egresado","status":"publish","type":"page","link":"https:\/\/facqui.unitru.edu.pe\/programa-ambiental\/perfil-del-egresado\/","title":{"rendered":"Perfil del Egresado"},"content":{"rendered":"\t\t<div data-elementor-type=\"wp-page\" data-elementor-id=\"34\" class=\"elementor elementor-34\">\n\t\t\t\t\t\t<section class=\"elementor-section elementor-top-section elementor-element elementor-element-def3837 elementor-section-height-min-height elementor-section-boxed elementor-section-height-default elementor-section-items-middle\" data-id=\"def3837\" data-element_type=\"section\" data-settings=\"{&quot;background_background&quot;:&quot;classic&quot;}\">\n\t\t\t\t\t\t\t<div class=\"elementor-background-overlay\"><\/div>\n\t\t\t\t\t\t\t<div class=\"elementor-container elementor-column-gap-default\">\n\t\t\t\t\t<div class=\"elementor-column elementor-col-100 elementor-top-column elementor-element elementor-element-e5c19be\" data-id=\"e5c19be\" data-element_type=\"column\">\n\t\t\t<div class=\"elementor-widget-wrap\">\n\t\t\t\t\t\t\t<\/div>\n\t\t<\/div>\n\t\t\t\t\t<\/div>\n\t\t<\/section>\n\t\t\t\t<section class=\"elementor-section elementor-top-section elementor-element elementor-element-22896ad elementor-section-boxed elementor-section-height-default elementor-section-height-default\" data-id=\"22896ad\" data-element_type=\"section\">\n\t\t\t\t\t\t<div class=\"elementor-container elementor-column-gap-default\">\n\t\t\t\t\t<div class=\"elementor-column elementor-col-100 elementor-top-column elementor-element elementor-element-b6c0ba7\" data-id=\"b6c0ba7\" data-element_type=\"column\">\n\t\t\t<div class=\"elementor-widget-wrap elementor-element-populated\">\n\t\t\t\t\t\t<div class=\"elementor-element elementor-element-ba1cf71 elementor-widget elementor-widget-spacer\" data-id=\"ba1cf71\" data-element_type=\"widget\" data-widget_type=\"spacer.default\">\n\t\t\t\t<div class=\"elementor-widget-container\">\n\t\t\t\t\t<div class=\"elementor-spacer\">\n\t\t\t<div class=\"elementor-spacer-inner\"><\/div>\n\t\t<\/div>\n\t\t\t\t<\/div>\n\t\t\t\t<\/div>\n\t\t\t\t\t<\/div>\n\t\t<\/div>\n\t\t\t\t\t<\/div>\n\t\t<\/section>\n\t\t\t\t<section class=\"elementor-section elementor-top-section elementor-element elementor-element-8c69248 elementor-section-boxed elementor-section-height-default elementor-section-height-default\" data-id=\"8c69248\" data-element_type=\"section\">\n\t\t\t\t\t\t<div class=\"elementor-container elementor-column-gap-default\">\n\t\t\t\t\t<div class=\"elementor-column elementor-col-50 elementor-top-column elementor-element elementor-element-d5b17c5\" data-id=\"d5b17c5\" data-element_type=\"column\">\n\t\t\t<div class=\"elementor-widget-wrap elementor-element-populated\">\n\t\t\t\t\t\t<div class=\"elementor-element elementor-element-7eb9ca4 cuadrotexto elementor-widget elementor-widget-text-editor\" data-id=\"7eb9ca4\" data-element_type=\"widget\" data-widget_type=\"text-editor.default\">\n\t\t\t\t<div class=\"elementor-widget-container\">\n\t\t\t\t\t\t\t<fieldset><legend>Perfil del Egresado<\/legend>Nuestros egresados tendr\u00e1n competencia para:<br><br><li>Aplicar los conocimientos fundamentales y\u00a0cient\u00edficos\u00a0de la Ingenier\u00eda Ambiental con identidad cultural, humanista, integraci\u00f3n y eticidad para la identificaci\u00f3n, formulaci\u00f3n, resoluci\u00f3n y evaluaci\u00f3n de asuntos ambientales utilizando la investigaci\u00f3n, herramientas modernas de ingenier\u00eda e innovaci\u00f3n tecnol\u00f3gica en forma transversal con liderazgo interdisciplinario y responsabilidad social.<br><li>Analizar y comunicar problemas ambientales para el dise\u00f1o de sistemas de ingenier\u00eda ambiental, aplicando conocimientos de la especialidad para evaluar aspectos sociales, de salud, seguridad, legales y culturales.<br><li>Conducir estudios de problemas de ingenier\u00eda ambiental aplicando conocimientos de ciencias e ingenier\u00eda basados en la investigaci\u00f3n cient\u00edfica, con \u00e9tica y responsabilidad seg\u00fan las normas de la pr\u00e1ctica de la ingenier\u00eda.<br><li>Dise\u00f1ar y desarrollar soluciones de problemas ambientales con aprendizaje permanente mediante el uso de herramientas modernas en concordancia con los principios y objetivos del programa.\t\t\t\t\t\t<\/div>\n\t\t\t\t<\/div>\n\t\t\t\t\t<\/div>\n\t\t<\/div>\n\t\t\t\t<div class=\"elementor-column elementor-col-50 elementor-top-column elementor-element elementor-element-175bf57\" data-id=\"175bf57\" data-element_type=\"column\">\n\t\t\t<div class=\"elementor-widget-wrap elementor-element-populated\">\n\t\t\t\t\t\t<div class=\"elementor-element elementor-element-d1e4ad7 elementor-widget elementor-widget-image\" data-id=\"d1e4ad7\" data-element_type=\"widget\" data-widget_type=\"image.default\">\n\t\t\t\t<div class=\"elementor-widget-container\">\n\t\t\t\t\t\t\t\t\t\t\t\t\t<img fetchpriority=\"high\" decoding=\"async\" width=\"300\" height=\"210\" src=\"https:\/\/facqui.unitru.edu.pe\/programa-ambiental\/wp-content\/uploads\/sites\/4\/2020\/03\/01-2-300x210.jpg\" class=\"attachment-medium size-medium wp-image-258\" alt=\"\" srcset=\"https:\/\/facqui.unitru.edu.pe\/programa-ambiental\/wp-content\/uploads\/sites\/4\/2020\/03\/01-2-300x210.jpg 300w, https:\/\/facqui.unitru.edu.pe\/programa-ambiental\/wp-content\/uploads\/sites\/4\/2020\/03\/01-2-1024x717.jpg 1024w, https:\/\/facqui.unitru.edu.pe\/programa-ambiental\/wp-content\/uploads\/sites\/4\/2020\/03\/01-2-768x538.jpg 768w, https:\/\/facqui.unitru.edu.pe\/programa-ambiental\/wp-content\/uploads\/sites\/4\/2020\/03\/01-2.jpg 1200w\" sizes=\"(max-width: 300px) 100vw, 300px\" \/>\t\t\t\t\t\t\t\t\t\t\t\t\t<\/div>\n\t\t\t\t<\/div>\n\t\t\t\t<div class=\"elementor-element elementor-element-ecc3865 elementor-widget elementor-widget-image\" data-id=\"ecc3865\" data-element_type=\"widget\" data-widget_type=\"image.default\">\n\t\t\t\t<div class=\"elementor-widget-container\">\n\t\t\t\t\t\t\t\t\t\t\t\t\t<img decoding=\"async\" width=\"300\" height=\"187\" src=\"https:\/\/facqui.unitru.edu.pe\/programa-ambiental\/wp-content\/uploads\/sites\/4\/2020\/03\/02-1-300x187.jpg\" class=\"attachment-medium size-medium wp-image-259\" alt=\"\" srcset=\"https:\/\/facqui.unitru.edu.pe\/programa-ambiental\/wp-content\/uploads\/sites\/4\/2020\/03\/02-1-300x187.jpg 300w, https:\/\/facqui.unitru.edu.pe\/programa-ambiental\/wp-content\/uploads\/sites\/4\/2020\/03\/02-1.jpg 674w\" sizes=\"(max-width: 300px) 100vw, 300px\" \/>\t\t\t\t\t\t\t\t\t\t\t\t\t<\/div>\n\t\t\t\t<\/div>\n\t\t\t\t<div class=\"elementor-element elementor-element-7189d01 elementor-widget elementor-widget-image\" data-id=\"7189d01\" data-element_type=\"widget\" data-widget_type=\"image.default\">\n\t\t\t\t<div class=\"elementor-widget-container\">\n\t\t\t\t\t\t\t\t\t\t\t\t\t<img decoding=\"async\" width=\"300\" height=\"174\" src=\"https:\/\/facqui.unitru.edu.pe\/programa-ambiental\/wp-content\/uploads\/sites\/4\/2020\/03\/03-1-300x174.jpg\" class=\"attachment-medium size-medium wp-image-260\" alt=\"\" srcset=\"https:\/\/facqui.unitru.edu.pe\/programa-ambiental\/wp-content\/uploads\/sites\/4\/2020\/03\/03-1-300x174.jpg 300w, https:\/\/facqui.unitru.edu.pe\/programa-ambiental\/wp-content\/uploads\/sites\/4\/2020\/03\/03-1-1024x593.jpg 1024w, https:\/\/facqui.unitru.edu.pe\/programa-ambiental\/wp-content\/uploads\/sites\/4\/2020\/03\/03-1-768x445.jpg 768w, https:\/\/facqui.unitru.edu.pe\/programa-ambiental\/wp-content\/uploads\/sites\/4\/2020\/03\/03-1-1536x890.jpg 1536w, https:\/\/facqui.unitru.edu.pe\/programa-ambiental\/wp-content\/uploads\/sites\/4\/2020\/03\/03-1.jpg 2048w\" sizes=\"(max-width: 300px) 100vw, 300px\" \/>\t\t\t\t\t\t\t\t\t\t\t\t\t<\/div>\n\t\t\t\t<\/div>\n\t\t\t\t<div class=\"elementor-element elementor-element-fc9ec98 elementor-widget elementor-widget-image\" data-id=\"fc9ec98\" data-element_type=\"widget\" data-widget_type=\"image.default\">\n\t\t\t\t<div class=\"elementor-widget-container\">\n\t\t\t\t\t\t\t\t\t\t\t\t\t<img loading=\"lazy\" decoding=\"async\" width=\"300\" height=\"188\" src=\"https:\/\/facqui.unitru.edu.pe\/programa-ambiental\/wp-content\/uploads\/sites\/4\/2020\/03\/04-1-300x188.jpg\" class=\"attachment-medium size-medium wp-image-261\" alt=\"\" srcset=\"https:\/\/facqui.unitru.edu.pe\/programa-ambiental\/wp-content\/uploads\/sites\/4\/2020\/03\/04-1-300x188.jpg 300w, https:\/\/facqui.unitru.edu.pe\/programa-ambiental\/wp-content\/uploads\/sites\/4\/2020\/03\/04-1-1024x640.jpg 1024w, https:\/\/facqui.unitru.edu.pe\/programa-ambiental\/wp-content\/uploads\/sites\/4\/2020\/03\/04-1-768x480.jpg 768w, https:\/\/facqui.unitru.edu.pe\/programa-ambiental\/wp-content\/uploads\/sites\/4\/2020\/03\/04-1-1536x960.jpg 1536w, https:\/\/facqui.unitru.edu.pe\/programa-ambiental\/wp-content\/uploads\/sites\/4\/2020\/03\/04-1.jpg 1600w\" sizes=\"(max-width: 300px) 100vw, 300px\" \/>\t\t\t\t\t\t\t\t\t\t\t\t\t<\/div>\n\t\t\t\t<\/div>\n\t\t\t\t\t<\/div>\n\t\t<\/div>\n\t\t\t\t\t<\/div>\n\t\t<\/section>\n\t\t\t\t<section class=\"elementor-section elementor-top-section elementor-element elementor-element-5e87fa1 elementor-section-boxed elementor-section-height-default elementor-section-height-default\" data-id=\"5e87fa1\" data-element_type=\"section\">\n\t\t\t\t\t\t<div class=\"elementor-container elementor-column-gap-default\">\n\t\t\t\t\t<div class=\"elementor-column elementor-col-100 elementor-top-column elementor-element elementor-element-f926a5a\" data-id=\"f926a5a\" data-element_type=\"column\">\n\t\t\t<div class=\"elementor-widget-wrap elementor-element-populated\">\n\t\t\t\t\t\t<div class=\"elementor-element elementor-element-16f2196 elementor-align-center elementor-widget elementor-widget-global elementor-global-221 elementor-widget-button\" data-id=\"16f2196\" data-element_type=\"widget\" data-settings=\"{&quot;_animation&quot;:&quot;none&quot;}\" data-widget_type=\"button.default\">\n\t\t\t\t<div class=\"elementor-widget-container\">\n\t\t\t\t\t<div class=\"elementor-button-wrapper\">\n\t\t\t<a class=\"elementor-button elementor-button-link elementor-size-md elementor-animation-grow\" href=\"https:\/\/facqui.unitru.edu.pe\/programa-ambiental\/\">\n\t\t\t\t\t\t<span class=\"elementor-button-content-wrapper\">\n\t\t\t\t\t\t<span class=\"elementor-button-icon elementor-align-icon-left\">\n\t\t\t\t<i aria-hidden=\"true\" class=\"far fa-arrow-alt-circle-left\"><\/i>\t\t\t<\/span>\n\t\t\t\t\t\t<span class=\"elementor-button-text\">VOLVER A INICIO<\/span>\n\t\t<\/span>\n\t\t\t\t\t<\/a>\n\t\t<\/div>\n\t\t\t\t<\/div>\n\t\t\t\t<\/div>\n\t\t\t\t\t<\/div>\n\t\t<\/div>\n\t\t\t\t\t<\/div>\n\t\t<\/section>\n\t\t\t\t<\/div>\n\t\t","protected":false},"excerpt":{"rendered":"<p>Perfil del Egresado Nuestros egresados tendr\u00e1n competencia para: Aplicar los conocimientos fundamentales y\u00a0cient\u00edficos\u00a0de la Ingenier\u00eda Ambiental con identidad cultural, humanista, integraci\u00f3n y eticidad para la identificaci\u00f3n, formulaci\u00f3n, resoluci\u00f3n y evaluaci\u00f3n de asuntos ambientales utilizando la investigaci\u00f3n, herramientas modernas de ingenier\u00eda e innovaci\u00f3n tecnol\u00f3gica en forma transversal con liderazgo interdisciplinario y responsabilidad social. Analizar y comunicar [&hellip;]<\/p>\n","protected":false},"author":1,"featured_media":0,"parent":0,"menu_order":0,"comment_status":"closed","ping_status":"closed","template":"","meta":{"site-sidebar-layout":"no-sidebar","site-content-layout":"page-builder","ast-site-content-layout":"","site-content-style":"default","site-sidebar-style":"default","ast-global-header-display":"","ast-banner-title-visibility":"","ast-main-header-display":"","ast-hfb-above-header-display":"","ast-hfb-below-header-display":"","ast-hfb-mobile-header-display":"","site-post-title":"disabled","ast-breadcrumbs-content":"","ast-featured-img":"disabled","footer-sml-layout":"","theme-transparent-header-meta":"default","adv-header-id-meta":"","stick-header-meta":"default","header-above-stick-meta":"","header-main-stick-meta":"","header-below-stick-meta":"","astra-migrate-meta-layouts":"default","ast-page-background-enabled":"default","ast-page-background-meta":{"desktop":{"background-color":"","background-image":"","background-repeat":"repeat","background-position":"center center","background-size":"auto","background-attachment":"scroll","background-type":"","background-media":"","overlay-type":"","overlay-color":"","overlay-gradient":""},"tablet":{"background-color":"","background-image":"","background-repeat":"repeat","background-position":"center center","background-size":"auto","background-attachment":"scroll","background-type":"","background-media":"","overlay-type":"","overlay-color":"","overlay-gradient":""},"mobile":{"background-color":"","background-image":"","background-repeat":"repeat","background-position":"center center","background-size":"auto","background-attachment":"scroll","background-type":"","background-media":"","overlay-type":"","overlay-color":"","overlay-gradient":""}},"ast-content-background-meta":{"desktop":{"background-color":"var(--ast-global-color-5)","background-image":"","background-repeat":"repeat","background-position":"center center","background-size":"auto","background-attachment":"scroll","background-type":"","background-media":"","overlay-type":"","overlay-color":"","overlay-gradient":""},"tablet":{"background-color":"var(--ast-global-color-5)","background-image":"","background-repeat":"repeat","background-position":"center center","background-size":"auto","background-attachment":"scroll","background-type":"","background-media":"","overlay-type":"","overlay-color":"","overlay-gradient":""},"mobile":{"background-color":"var(--ast-global-color-5)","background-image":"","background-repeat":"repeat","background-position":"center center","background-size":"auto","background-attachment":"scroll","background-type":"","background-media":"","overlay-type":"","overlay-color":"","overlay-gradient":""}},"footnotes":""},"_links":{"self":[{"href":"https:\/\/facqui.unitru.edu.pe\/programa-ambiental\/wp-json\/wp\/v2\/pages\/34"}],"collection":[{"href":"https:\/\/facqui.unitru.edu.pe\/programa-ambiental\/wp-json\/wp\/v2\/pages"}],"about":[{"href":"https:\/\/facqui.unitru.edu.pe\/programa-ambiental\/wp-json\/wp\/v2\/types\/page"}],"author":[{"embeddable":true,"href":"https:\/\/facqui.unitru.edu.pe\/programa-ambiental\/wp-json\/wp\/v2\/users\/1"}],"replies":[{"embeddable":true,"href":"https:\/\/facqui.unitru.edu.pe\/programa-ambiental\/wp-json\/wp\/v2\/comments?post=34"}],"version-history":[{"count":27,"href":"https:\/\/facqui.unitru.edu.pe\/programa-ambiental\/wp-json\/wp\/v2\/pages\/34\/revisions"}],"predecessor-version":[{"id":2155,"href":"https:\/\/facqui.unitru.edu.pe\/programa-ambiental\/wp-json\/wp\/v2\/pages\/34\/revisions\/2155"}],"wp:attachment":[{"href":"https:\/\/facqui.unitru.edu.pe\/programa-ambiental\/wp-json\/wp\/v2\/media?parent=34"}],"curies":[{"name":"wp","href":"https:\/\/api.w.org\/{rel}","templated":true}]}}