{"id":67,"date":"2020-03-01T18:38:30","date_gmt":"2020-03-01T18:38:30","guid":{"rendered":"https:\/\/facqui.unitru.edu.pe\/programa-ambiental\/?page_id=67"},"modified":"2024-09-29T02:01:51","modified_gmt":"2024-09-29T07:01:51","slug":"integrantes-del-comite","status":"publish","type":"page","link":"https:\/\/facqui.unitru.edu.pe\/programa-ambiental\/integrantes-del-comite\/","title":{"rendered":"Miembros del Comit\u00e9 de Calidad"},"content":{"rendered":"\t\t<div data-elementor-type=\"wp-page\" data-elementor-id=\"67\" class=\"elementor elementor-67\">\n\t\t\t\t\t\t<section class=\"elementor-section elementor-top-section elementor-element elementor-element-8af02cc elementor-section-height-min-height elementor-section-boxed elementor-section-height-default elementor-section-items-middle\" data-id=\"8af02cc\" data-element_type=\"section\" data-settings=\"{&quot;background_background&quot;:&quot;classic&quot;}\">\n\t\t\t\t\t\t\t<div class=\"elementor-background-overlay\"><\/div>\n\t\t\t\t\t\t\t<div class=\"elementor-container elementor-column-gap-default\">\n\t\t\t\t\t<div class=\"elementor-column elementor-col-100 elementor-top-column elementor-element elementor-element-25c80a7\" data-id=\"25c80a7\" data-element_type=\"column\">\n\t\t\t<div class=\"elementor-widget-wrap\">\n\t\t\t\t\t\t\t<\/div>\n\t\t<\/div>\n\t\t\t\t\t<\/div>\n\t\t<\/section>\n\t\t\t\t<section class=\"elementor-section elementor-top-section elementor-element elementor-element-a5805c1 elementor-section-boxed elementor-section-height-default elementor-section-height-default\" data-id=\"a5805c1\" data-element_type=\"section\">\n\t\t\t\t\t\t<div class=\"elementor-container elementor-column-gap-default\">\n\t\t\t\t\t<div class=\"elementor-column elementor-col-100 elementor-top-column elementor-element elementor-element-998e863\" data-id=\"998e863\" data-element_type=\"column\">\n\t\t\t<div class=\"elementor-widget-wrap elementor-element-populated\">\n\t\t\t\t\t\t<div class=\"elementor-element elementor-element-b77b387 elementor-widget elementor-widget-spacer\" data-id=\"b77b387\" data-element_type=\"widget\" data-widget_type=\"spacer.default\">\n\t\t\t\t<div class=\"elementor-widget-container\">\n\t\t\t\t\t<div class=\"elementor-spacer\">\n\t\t\t<div class=\"elementor-spacer-inner\"><\/div>\n\t\t<\/div>\n\t\t\t\t<\/div>\n\t\t\t\t<\/div>\n\t\t\t\t\t<\/div>\n\t\t<\/div>\n\t\t\t\t\t<\/div>\n\t\t<\/section>\n\t\t\t\t<section class=\"elementor-section elementor-top-section elementor-element elementor-element-e7ece57 elementor-section-boxed elementor-section-height-default elementor-section-height-default\" data-id=\"e7ece57\" data-element_type=\"section\">\n\t\t\t\t\t\t<div class=\"elementor-container elementor-column-gap-default\">\n\t\t\t\t\t<div class=\"elementor-column elementor-col-100 elementor-top-column elementor-element elementor-element-422cfc9\" data-id=\"422cfc9\" data-element_type=\"column\">\n\t\t\t<div class=\"elementor-widget-wrap elementor-element-populated\">\n\t\t\t\t\t\t<div class=\"elementor-element elementor-element-f6073ea elementor-widget elementor-widget-heading\" data-id=\"f6073ea\" data-element_type=\"widget\" data-widget_type=\"heading.default\">\n\t\t\t\t<div class=\"elementor-widget-container\">\n\t\t\t<h2 class=\"elementor-heading-title elementor-size-default\">Miembros del Comit\u00e9 de Calidad del Programa de<br>Educaci\u00f3n Superior de Ingenier\u00eda Ambiental<\/h2>\t\t<\/div>\n\t\t\t\t<\/div>\n\t\t\t\t\t<\/div>\n\t\t<\/div>\n\t\t\t\t\t<\/div>\n\t\t<\/section>\n\t\t\t\t<section class=\"elementor-section elementor-top-section elementor-element elementor-element-155f6e2 elementor-section-boxed elementor-section-height-default elementor-section-height-default\" data-id=\"155f6e2\" data-element_type=\"section\">\n\t\t\t\t\t\t<div class=\"elementor-container elementor-column-gap-default\">\n\t\t\t\t\t<div class=\"elementor-column elementor-col-100 elementor-top-column elementor-element elementor-element-0e9b153\" data-id=\"0e9b153\" data-element_type=\"column\">\n\t\t\t<div class=\"elementor-widget-wrap elementor-element-populated\">\n\t\t\t\t\t\t<div class=\"elementor-element elementor-element-793d26c elementor-widget elementor-widget-text-editor\" data-id=\"793d26c\" data-element_type=\"widget\" data-widget_type=\"text-editor.default\">\n\t\t\t\t<div class=\"elementor-widget-container\">\n\t\t\t\t\t\t\t<p><span style=\"font-size: 17px;\">El Comit\u00e9 de Calidad del Programa de Estudios de Educaci\u00f3n Superior de Ingenier\u00eda Ambiental, est\u00e1 conformada por los siguientes miembros, los mismos que estan oficializados seg\u00fan la Resoluci\u00f3n de Decanato N\u00b0 001-2023-FIQ\/UNT, y refrendado por la <\/span><strong><a href=\"https:\/\/drive.google.com\/file\/d\/1YHiD1uY74NhHw6cvbrvwZsFqaJr5eE8Q\/view?usp=drive_link\" target=\"_blank\" rel=\"noopener\">Resoluci\u00f3n Rectoral N\u00b0 0057-2023\/UNT<\/a><span style=\"font-size: 17px;\">.<\/span><\/strong><\/p><p><span style=\"font-size: 17px;\">El Comit\u00e9 de Calidad del Programa est\u00e1 conformado por:<\/span><\/p><ul><li>a) El Presidente.<\/li><li>b) El Secretario.<\/li><li>c) Vocal 1.<\/li><li>d) Vocal 2.<\/li><li>e) Uno (01) Miembro Estudiante.<\/li><li>f) Dos (02) Miembros Administrativos.<\/li><\/ul><p><span style=\"font-size: 17px; text-decoration-line: underline;\"><strong>LOS MIEMBROS DEL COMIT\u00c9 DEL PROGRAMA, SON LOS SIGUIENTES<\/strong><\/span><span style=\"font-size: 17px;\">:<\/span><\/p><ul><li><em><span style=\"text-decoration: underline;\"><strong>PRESIDENTE DEL COMIT\u00c9<\/strong><\/span><\/em><ul><li>Ms. Laura Isabel Guti\u00e9rrez Escarcena<\/li><\/ul><\/li><li><span style=\"text-decoration: underline;\"><em><strong>SECRETARIO DEL COMIT\u00c9<\/strong><\/em><\/span><ul><li>Ms. Natalia Del Pilar D\u00edaz D\u00edaz<\/li><\/ul><\/li><li><span style=\"text-decoration: underline;\"><em><strong>VOCAL 1 DEL COMIT\u00c9<\/strong><\/em><\/span><ul><li>Ms. Jorge Luis Mendoza Bobadilla<\/li><\/ul><\/li><li><span style=\"text-decoration: underline;\"><em><strong>VOVAL 2 DEL COMIT\u00c9<\/strong><\/em><\/span><ul><li>Ms. Haniel Solis Mu\u00f1oz<\/li><\/ul><\/li><li><span style=\"text-decoration: underline;\"><em><strong>MIEMBRO ESTUDIANTE DEL COMIT\u00c9<\/strong><\/em><\/span><ul><li>Est. Ana Jes\u00fas Castillo Chac\u00f3n<\/li><\/ul><\/li><li><span style=\"text-decoration: underline;\"><em><strong>MIEMBROS ADMINISTRATIVOS DEL COMIT\u00c9<\/strong><\/em><\/span><ul><li>Ms. Mirian Marivel Mi\u00f1ano Guevara<\/li><li>Eco. Mar\u00eda Elena Olaya S\u00e1nchez<\/li><\/ul><\/li><\/ul>\t\t\t\t\t\t<\/div>\n\t\t\t\t<\/div>\n\t\t\t\t\t<\/div>\n\t\t<\/div>\n\t\t\t\t\t<\/div>\n\t\t<\/section>\n\t\t\t\t<section class=\"elementor-section elementor-top-section elementor-element elementor-element-ac193f3 elementor-section-boxed elementor-section-height-default elementor-section-height-default\" data-id=\"ac193f3\" data-element_type=\"section\">\n\t\t\t\t\t\t<div class=\"elementor-container elementor-column-gap-default\">\n\t\t\t\t\t<div class=\"elementor-column elementor-col-100 elementor-top-column elementor-element elementor-element-feba175\" data-id=\"feba175\" data-element_type=\"column\">\n\t\t\t<div class=\"elementor-widget-wrap elementor-element-populated\">\n\t\t\t\t\t\t<div class=\"elementor-element elementor-element-e5525d6 elementor-align-center elementor-widget elementor-widget-global elementor-global-221 elementor-widget-button\" data-id=\"e5525d6\" data-element_type=\"widget\" data-settings=\"{&quot;_animation&quot;:&quot;none&quot;}\" data-widget_type=\"button.default\">\n\t\t\t\t<div class=\"elementor-widget-container\">\n\t\t\t\t\t<div class=\"elementor-button-wrapper\">\n\t\t\t<a class=\"elementor-button elementor-button-link elementor-size-md elementor-animation-grow\" href=\"https:\/\/facqui.unitru.edu.pe\/programa-ambiental\/\">\n\t\t\t\t\t\t<span class=\"elementor-button-content-wrapper\">\n\t\t\t\t\t\t<span class=\"elementor-button-icon elementor-align-icon-left\">\n\t\t\t\t<i aria-hidden=\"true\" class=\"far fa-arrow-alt-circle-left\"><\/i>\t\t\t<\/span>\n\t\t\t\t\t\t<span class=\"elementor-button-text\">VOLVER A INICIO<\/span>\n\t\t<\/span>\n\t\t\t\t\t<\/a>\n\t\t<\/div>\n\t\t\t\t<\/div>\n\t\t\t\t<\/div>\n\t\t\t\t\t<\/div>\n\t\t<\/div>\n\t\t\t\t\t<\/div>\n\t\t<\/section>\n\t\t\t\t<\/div>\n\t\t","protected":false},"excerpt":{"rendered":"<p>Miembros del Comit\u00e9 de Calidad del Programa deEducaci\u00f3n Superior de Ingenier\u00eda Ambiental El Comit\u00e9 de Calidad del Programa de Estudios de Educaci\u00f3n Superior de Ingenier\u00eda Ambiental, est\u00e1 conformada por los siguientes miembros, los mismos que estan oficializados seg\u00fan la Resoluci\u00f3n de Decanato N\u00b0 001-2023-FIQ\/UNT, y refrendado por la Resoluci\u00f3n Rectoral N\u00b0 0057-2023\/UNT. El Comit\u00e9 de [&hellip;]<\/p>\n","protected":false},"author":1,"featured_media":0,"parent":0,"menu_order":0,"comment_status":"closed","ping_status":"closed","template":"","meta":{"site-sidebar-layout":"no-sidebar","site-content-layout":"page-builder","ast-site-content-layout":"full-width-container","site-content-style":"unboxed","site-sidebar-style":"unboxed","ast-global-header-display":"","ast-banner-title-visibility":"","ast-main-header-display":"","ast-hfb-above-header-display":"","ast-hfb-below-header-display":"","ast-hfb-mobile-header-display":"","site-post-title":"disabled","ast-breadcrumbs-content":"","ast-featured-img":"disabled","footer-sml-layout":"","theme-transparent-header-meta":"default","adv-header-id-meta":"","stick-header-meta":"default","header-above-stick-meta":"","header-main-stick-meta":"","header-below-stick-meta":"","astra-migrate-meta-layouts":"set","ast-page-background-enabled":"default","ast-page-background-meta":{"desktop":{"background-color":"","background-image":"","background-repeat":"repeat","background-position":"center center","background-size":"auto","background-attachment":"scroll","background-type":"","background-media":"","overlay-type":"","overlay-color":"","overlay-gradient":""},"tablet":{"background-color":"","background-image":"","background-repeat":"repeat","background-position":"center center","background-size":"auto","background-attachment":"scroll","background-type":"","background-media":"","overlay-type":"","overlay-color":"","overlay-gradient":""},"mobile":{"background-color":"","background-image":"","background-repeat":"repeat","background-position":"center center","background-size":"auto","background-attachment":"scroll","background-type":"","background-media":"","overlay-type":"","overlay-color":"","overlay-gradient":""}},"ast-content-background-meta":{"desktop":{"background-color":"var(--ast-global-color-5)","background-image":"","background-repeat":"repeat","background-position":"center center","background-size":"auto","background-attachment":"scroll","background-type":"","background-media":"","overlay-type":"","overlay-color":"","overlay-gradient":""},"tablet":{"background-color":"var(--ast-global-color-5)","background-image":"","background-repeat":"repeat","background-position":"center center","background-size":"auto","background-attachment":"scroll","background-type":"","background-media":"","overlay-type":"","overlay-color":"","overlay-gradient":""},"mobile":{"background-color":"var(--ast-global-color-5)","background-image":"","background-repeat":"repeat","background-position":"center center","background-size":"auto","background-attachment":"scroll","background-type":"","background-media":"","overlay-type":"","overlay-color":"","overlay-gradient":""}},"footnotes":""},"_links":{"self":[{"href":"https:\/\/facqui.unitru.edu.pe\/programa-ambiental\/wp-json\/wp\/v2\/pages\/67"}],"collection":[{"href":"https:\/\/facqui.unitru.edu.pe\/programa-ambiental\/wp-json\/wp\/v2\/pages"}],"about":[{"href":"https:\/\/facqui.unitru.edu.pe\/programa-ambiental\/wp-json\/wp\/v2\/types\/page"}],"author":[{"embeddable":true,"href":"https:\/\/facqui.unitru.edu.pe\/programa-ambiental\/wp-json\/wp\/v2\/users\/1"}],"replies":[{"embeddable":true,"href":"https:\/\/facqui.unitru.edu.pe\/programa-ambiental\/wp-json\/wp\/v2\/comments?post=67"}],"version-history":[{"count":42,"href":"https:\/\/facqui.unitru.edu.pe\/programa-ambiental\/wp-json\/wp\/v2\/pages\/67\/revisions"}],"predecessor-version":[{"id":2429,"href":"https:\/\/facqui.unitru.edu.pe\/programa-ambiental\/wp-json\/wp\/v2\/pages\/67\/revisions\/2429"}],"wp:attachment":[{"href":"https:\/\/facqui.unitru.edu.pe\/programa-ambiental\/wp-json\/wp\/v2\/media?parent=67"}],"curies":[{"name":"wp","href":"https:\/\/api.w.org\/{rel}","templated":true}]}}